 -9*n - 18, 0 = -2*q + 3*n - 62. What are the prime factors of f(q)?
11, 31
Let j be (16 + -15)/((-2)/(-460)). Let y be (j/(-40))/((-1)/4). Let u = y - -24. List the prime factors of u.
47
Let k(s) be the second derivative of -s**4/12 + s**3 + 2*s**2 + 3*s. Let i be k(6). List the prime factors of (10/(-3))/(((-40)/465)/i).
5, 31
Suppose -2*m - 3*u = -5*m + 57, -2*m = 3*u - 48. Suppose y - m = 193. What are the prime factors of y?
2, 107
Suppose 9*q - 19*q - 15*q = -477475. List the prime factors of q.
71, 269
Let d(k) be the first derivative of -k**2 - 6*k - 21. Let x be d(6). List the prime factors of 2*303/x*(-3 + 0).
101
Suppose 0 = 5*z - 53 - 17. Let p = -142 + 135. List the prime factors of z/49 - 733/p.
3, 5, 7
Suppose -3*g - 2*n = -4*n - 1385, -g = 8*n - 505. List the prime factors of g.
3, 5, 31
Let o = 57 + -54. Let s(q) = -q**2 + 2*q + 2. Let m be s(o). List the prime factors of m + 186 + 3/(15/(-20)).
181
Suppose 6*w - 8*w + 3*i = -13314, 0 = -2*w + 2*i + 13314. List the prime factors of w.
3, 7, 317
Let d(f) = 6*f + 20. Let a be d(-9). Let o be 82/5 - a/(-85). Let y(s) = -s**2 + 26*s + 44. What are the prime factors of y(o)?
2, 3, 17
Let w(h) = -h**3 + 10*h**2 - 8*h. Let d be w(9). Suppose 0 = d*k - 8*k - 643. What are the prime factors of k?
643
Let f = -157 + 713. Let a = f - -194. List the prime factors of a.
2, 3, 5
Let w(j) = 22 + 22*j**2 + 13 - 17*j + 0*j**3 - j**3 + 24. List the prime factors of w(20).
3, 173
Let j(b) be the third derivative of 7*b**5/15 - b**4/12 - b**3 - 2*b**2 + 55*b. List the prime factors of j(-4).
2, 3, 5
Let r be (-3)/9 + 16/3 + -2. Let b be (-1353)/4 + (21/28)/r. Let x = b - -506. List the prime factors of x.
2, 3, 7
Let f = 189 + -186. Suppose 3*y = -0*j - f*j + 1221, 5*j + 1229 = 3*y. List the prime factors of y.
2, 3, 17
Suppose 0*r = 5*r + 375. Let y = r - -815. Suppose 5*w - 5*x = y, -282 - 478 = -5*w + x. What are the prime factors of w?
3, 17
Let t = 4 + -8. Suppose 24*x + 39*x + 252 = 0. What are the prime factors of 1 + (x - t) + 29?
2, 3, 5
Suppose -1988095 = 6*w - 6*w - 145*w. List the prime factors of w.
13711
Let w(q) = -2378*q - 823. What are the prime factors of w(-4)?
8689
Suppose 2*s - d - 1117 = 3953, -4*s + 10120 = 3*d. What are the prime factors of s?
17, 149
Let y be (-1)/((-4)/(-8)) - 141*-1. Suppose 136*i = y*i - 1353. List the prime factors of i.
11, 41
Let j(o) = -21*o - 596. Let b be j(0). Let i = 879 + b. List the prime factors of i.
283
Let o(h) = 27*h + 2538. What are the prime factors of o(-19)?
3, 5
Suppose 20*d - 68 = 152. Suppose -d*w + 3*c + 424 = -10*w, 3*w = 4*c + 1292. List the prime factors of w.
2, 109
List the prime factors of -10*(0 - (-4)/8) - (1 - 10540).
2, 23, 229
Suppose -25*w = 21*w - 973636. What are the prime factors of w?
2, 19, 557
Let k(n) = n**2 + 12*n - 26. Let w be k(-14). Suppose 0 = 3*g + w*u + 288, -273 - 191 = 5*g - 2*u. Let b = -69 - g. What are the prime factors of b?
5
Let w be (4*(-2)/(-5))/((-1)/5). Let i be 22/88 + (10/w)/5. List the prime factors of (i - -91)*(-4 - 414/(-63)).
2, 3, 13
Let r(x) be the second derivative of -5*x**3/2 + 5*x**2 + 3*x. Suppose 20*w + 16 = 17*w + 5*g, -5*w - 37 = 2*g. What are the prime factors of r(w)?
5, 23
Suppose -3*z - 9 = -g, -2*g - 3*z + 9 = -0*z. Let a = 334 - 61. Suppose -g*q + a = q. What are the prime factors of q?
3, 13
Let r(o) = 17*o**2 - 12*o + 12. Let i be r(1). What are the prime factors of (-36000)/(-340) + (2 - 32/i)?
2, 53
Suppose 0 = 2*x + 2*d - 6*d - 8, -3*x + 5*d + 11 = 0. Suppose -x*k = 2*f - 308, -2*k - 14 = -5*f - 343. What are the prime factors of k?
157
Let m(s) = 2*s**2 + 18*s + 19. Let j = 77 + -88. Let x be m(j). Suppose -u = -x - 5. List the prime factors of u.
2, 17
Let m(q) = q**3 - 5*q + 4. Let u be m(0). Suppose 7*c - 3430 = 3*c - s, 2*c - u*s = 1706. What are the prime factors of c?
857
Let j be (-8)/1 + 1/(-1). Let s(p) = -p**3 + p**2 - p. Let d(h) = -5*h**3 - 7*h**2 - 16*h. Let z(l) = -d(l) + 4*s(l). List the prime factors of z(j).
2, 3
Let y(q) be the third derivative of q**5/15 + q**4/4 + 5*q**3/3 + 10*q**2. Let j be y(5). Suppose -12*g + j = -7*g. What are the prime factors of g?
2, 7
Let l(c) = 732*c**2 + 222*c + 1072. What are the prime factors of l(-5)?
2, 23, 397
Let h(l) = -9*l**3 + 33*l**2 + 174*l + 40. Let w(n) = 5*n**3 - 17*n**2 - 88*n - 21. Let i(b) = 4*h(b) + 7*w(b). List the prime factors of i(17).
7, 31
Let g(b) = -b**3 + b**2 - 2*b + 34. Let w = 15 + -15. Let y be g(w). Suppose 3*t - 2*t - y = 0. What are the prime factors of t?
2, 17
Suppose 3*o = -27*t + 24*t + 38058, -5*t = 2*o - 25357. What are the prime factors of o?
7, 37
List the prime factors of (18 - (-7 - -18)) + 2 + -15 - -67206.
2, 3, 5, 7
Let x = 215 - 119. Let c be 13/(-6) + 16/x. What are the prime factors of 4/((c/3)/(295/(-15)))?
2, 59
Let p(b) = -2*b**3 - 5*b**2 - 5*b - 1. Let g = 96 - 98. Let f be p(g). List the prime factors of 119*f/(-4 - -9).
7, 17
Let b(q) = -q**2 + 20*q + 25. Let g be b(21). Suppose g*r - 13*r = -2826. What are the prime factors of r?
2, 157
Suppose -13*i + 22*i = 114*i - 729120. List the prime factors of i.
2, 7, 31
Suppose 27354 = 3*s + 3*t + 8139, -12814 = -2*s - t. List the prime factors of s.
13, 17, 29
Let o(f) = -4*f - 22. Let n be o(-11). Let d(k) = -k**3 + 23*k**2 - 22*k - 3. Let u be d(n). What are the prime factors of (8/16)/(u/(-354))?
59
Let m(n) = -458*n - 1499. What are the prime factors of m(-6)?
1249
Suppose 5 - 9 = -4*m. Let t be (m - (-31)/(-4))/((-4)/96). Suppose 3*n - 3*f - t = 0, -5*f + 73 = 5*n - 147. What are the prime factors of n?
7
Let p(v) = v**2 + 12*v + 6. Let m be p(-11). List the prime factors of (m - (-7 + 4))*-364.
2, 7, 13
Let d = 95 + -65. Let y be (3/(-2))/(12/(-24)). List the prime factors of 136/20*d/y.
2, 17
Let i(k) = 8*k**2 + 62*k + 75. What are the prime factors of i(-77)?
151, 283
Let v(k) = 3*k**2 + 11*k + 14. Let h = -160 + 150. List the prime factors of v(h).
2, 3, 17
Let l(s) = 9*s - 31. Let f be l(7). Suppose -30*d + f*d = 278. What are the prime factors of d?
139
Let m(z) = -7*z + 5. Let r be m(1). What are the prime factors of (-43064)/(-119) - r/17?
2, 181
Suppose -3*m + 5775 = 5*i, -7*i + 12*i - 7710 = -4*m. List the prime factors of m.
3, 5, 43
Let u(k) = 12*k**2 + 4*k + 25229. List the prime factors of u(0).
25229
Let z(y) = -4*y**3 - 19*y**2 + 43*y - 53. Let f(l) = -l**3 - 6*l**2 + 14*l - 19. Let u(c) = -7*f(c) + 2*z(c). What are the prime factors of u(-10)?
7, 13, 17
Let y(q) = -2*q**2 + 13*q - 23. Let n be y(5). List the prime factors of (n/(-2) - (-24)/12) + 1489.
5, 13, 23
Suppose -822 = 4*w - 4230. Suppose -w = 4*h - 7*h. What are the prime factors of h?
2, 71
Suppose 6*d - 4*d = 6. Suppose d*r - 6 = 0, -b + 6*b + 2*r - 1124 = 0. Suppose -82*p = -86*p + b. What are the prime factors of p?
2, 7
Let p = -64 + 91. Suppose 12 = 33*h - p*h. Suppose 2*a - 3 + 1 = 0, -4*u = -h*a - 126. List the prime factors of u.
2
Suppose 0 = 3*m + 3*t - 2220, 0 = -2*m - 4*t + 1839 - 365. What are the prime factors of m?
743
Suppose -f + 18 = 1. Let c = f + -23. Let y(o) = -o**3 - 5*o**2 - 11*o - 13. List the prime factors of y(c).
89
Suppose 20 = 5*i, 0 = -2*w + 3*i + 107953 - 33553. What are the prime factors of w?
2, 3, 13, 53
Let i be (-14)/(-7) + (126 - 1). Let w = 206 + i. What are the prime factors of w?
3, 37
Let i = -11641 + 11643. Suppose 8 = -5*c + 3*m, -5*c - 4*m - 28 = -2*c. List the prime factors of 1 - i - (-217 + c).
2, 5, 11
Let y(w) = 68*w - 27. Let z be y(-3). What are the prime factors of 27848/22 + (-42)/z?
2, 3, 211
Let l(x) = 70 + 5*x - x**2 + 185 + 119. What are the prime factors of l(0)?
2, 11, 17
Suppose -85*o + 18*o = -661917 + 35869. What are the prime factors of o?
2, 73
Let j = 26 + -24. Suppose 0*f + f + 2*c - 19 = 0, 4*f - 26 = j*c. Let x = 42 - f. What are the prime factors of x?
3, 11
Let g(w) be the second derivative of -8*w + 0 - 1/12*w**4 + 5/2*w**3 + 1/2*w**2. List the prime factors of g(8).
3, 19
Let g be (100/(-7) + 4)/((-6)/224). Suppose 0 = t - 3*t. Suppose t = 10*f + 104 - g. What are the prime factors of f?
2, 7
Let z = 69 + -66. Suppose z*u + 1051 = 4*y, 0*y = -3*u - 2*y - 1081. Let c = -205 - u. List the prime factors of c.
2, 19
Let p be (-5 - -14)*33/(-9). Let t = p - -33.